he highest common factor of 40 and 5672?
8
What is the highest common divisor of 142 and 22?
2
Calculate the greatest common factor of 43 and 20.
1
What is the highest common divisor of 69 and 7590?
69
What is the highest common factor of 212 and 92?
4
What is the highest common divisor of 131 and 2227?
131
What is the greatest common divisor of 160 and 555?
5
What is the highest common factor of 9523 and 321?
107
What is the greatest common divisor of 482 and 38801?
241
Calculate the highest common factor of 10 and 14500.
10
Calculate the highest common divisor of 44 and 242.
22
What is the greatest common divisor of 19 and 1748?
19
What is the greatest common divisor of 130 and 65?
65
What is the greatest common divisor of 5054 and 5415?
361
Calculate the greatest common divisor of 4130 and 354.
118
What is the greatest common divisor of 186 and 496?
62
What is the greatest common factor of 786 and 12?
6
Calculate the highest common factor of 114 and 418.
38
Calculate the highest common divisor of 3763 and 142.
71
What is the greatest common divisor of 212 and 4?
4
Calculate the highest common divisor of 55 and 352.
11
Calculate the highest common factor of 1836 and 72.
36
What is the highest common divisor of 21 and 469?
7
Calculate the greatest common divisor of 187 and 204.
17
Calculate the greatest common divisor of 152 and 3078.
38
What is the highest common divisor of 31 and 12?
1
What is the greatest common factor of 85 and 391?
17
What is the highest common factor of 275 and 50?
25
Calculate the highest common divisor of 59 and 1003.
59
What is the greatest common factor of 1488 and 144?
48
What is the highest common divisor of 10220 and 70?
70
What is the highest common factor of 225 and 4875?
75
Calculate the highest common factor of 75 and 615.
15
Calculate the highest common factor of 275 and 25.
25
Calculate the greatest common divisor of 9 and 2313.
9
Calculate the highest common factor of 5597 and 203.
29
Calculate the highest common divisor of 623 and 89.
89
Calculate the greatest common divisor of 40 and 24.
8
What is the highest common factor of 7300 and 2044?
292
What is the highest common factor of 13065 and 78?
39
What is the highest common divisor of 582 and 6?
6
What is the highest common divisor of 17072 and 22?
22
Calculate the greatest common divisor of 58 and 18038.
58
Calculate the highest common divisor of 133 and 7.
7
What is the greatest common divisor of 2835 and 140?
35
What is the highest common divisor of 60 and 1230?
30
Calculate the highest common divisor of 8395 and 46.
23
Calculate the highest common factor of 1485 and 81.
27
Calculate the greatest common divisor of 13 and 689.
13
What is the highest common factor of 34 and 1343?
17
Calculate the greatest common divisor of 18590 and 1144.
286
Calculate the greatest common divisor of 14 and 1022.
14
What is the greatest common factor of 26 and 1144?
26
What is the greatest common factor of 5 and 245?
5
Calculate the greatest common factor of 378 and 14.
14
What is the greatest common factor of 1083 and 741?
57
What is the highest common factor of 96 and 6?
6
Calculate the highest common factor of 46 and 230.
46
What is the greatest common divisor of 66 and 24?
6
What is the highest common factor of 140 and 30?
10
Calculate the highest common factor of 31 and 1984.
31
What is the greatest common factor of 144 and 176?
16
Calculate the greatest common factor of 364 and 455.
91
Calculate the greatest common divisor of 8 and 80.
8
What is the greatest common divisor of 7 and 196?
7
What is the highest common factor of 24 and 192?
24
Calculate the highest common factor of 99 and 339.
3
Calculate the highest common divisor of 10692 and 660.
132
What is the greatest common divisor of 1008 and 924?
84
What is the greatest common divisor of 452 and 24634?
226
What is the highest common divisor of 3 and 1?
1
Calculate the greatest common factor of 14 and 2128.
14
Calculate the greatest common divisor of 24 and 312.
24
Calculate the highest common divisor of 47 and 1363.
47
What is the highest common divisor of 40 and 4528?
8
What is the highest common divisor of 4370 and 19?
19
What is the greatest common divisor of 16 and 112?
16
What is the greatest common factor of 13 and 2197?
13
What is the greatest common factor of 424 and 583?
53
What is the greatest common factor of 175 and 1645?
35
Calculate the highest common divisor of 52 and 884.
52
Calculate the highest common factor of 39 and 1027.
13
What is the highest common divisor of 372 and 36?
12
What is the greatest common divisor of 288 and 1792?
32
Calculate the highest common divisor of 66 and 2288.
22
Calculate the greatest common divisor of 6322 and 436.
218
Calculate the greatest common divisor of 247 and 1404.
13
Calculate the highest common divisor of 4 and 52.
4
What is the highest common factor of 25 and 9?
1
What is the greatest common divisor of 3680 and 10?
10
Calculate the greatest common divisor of 3975 and 45.
15
What is the highest common divisor of 5418 and 28?
14
What is the highest common factor of 128 and 860?
4
What is the greatest common factor of 3285 and 18?
9
What is the highest common divisor of 13 and 156?
13
What is the highest common divisor of 17850 and 42?
42
What is the highest common factor of 15 and 200?
5
Calculate the highest common divisor of 22 and 1397.
11
What is the greatest common divisor of 2666 and 129?
43
Calculate the highest common divisor of 17 and 2125.
17
What is the highest common divisor of 62 and 3286?
62
What is the highest common divisor of 1380 and 2460?
60
What is the greatest common factor of 1722 and 21?
21
Calculate the highest common factor of 12 and 260.
4
Calculate the greatest common factor of 2533 and 68.
17
What is the greatest common divisor of 2291 and 29?
29
What is the greatest common factor of 81 and 54?
27
What is the highest common divisor of 1131 and 87?
87
What is the greatest common factor of 18 and 99?
9
Calculate the greatest common divisor of 42 and 30.
6
Calculate the highest common factor of 1260 and 1160.
20
What is the greatest common factor of 24 and 1428?
12
Calculate the greatest common divisor of 759 and 552.
69
What is the highest common divisor of 8800 and 55?
55
What is the highest common divisor of 27 and 108?
27
What is the highest common factor of 174 and 290?
58
What is the highest common divisor of 19602 and 2?
2
What is the greatest common factor of 722 and 114?
38
What is the greatest common divisor of 264 and 12?
12
What is the greatest common factor of 9597 and 63?
21
What is the greatest common divisor of 946 and 22?
22
What is the greatest common divisor of 21331 and 166?
83
Calculate the greatest common divisor of 549 and 204.
3
Calculate the greatest common factor of 2780 and 20.
20
Calculate the greatest common factor of 152 and 19.
19
Calculate the highest common divisor of 147 and 3136.
49
What is the highest common divisor of 42 and 23534?
14
What is the greatest common factor of 25 and 18?
1
What is the highest common divisor of 265 and 15?
5
Calculate the greatest common factor of 45 and 885.
15
What is the highest common divisor of 17 and 11509?
17
What is the highest common divisor of 19754 and 238?
238
What is the highest common factor of 869 and 55?
11
What is the highest common factor of 42 and 5817?
21
What is the highest common factor of 189 and 14?
7
What is the greatest common divisor of 175 and 45?
5
Calculate the highest common factor of 1254 and 1520.
38
What is the greatest common divisor of 32 and 3988?
4
What is the highest common divisor of 16 and 1936?
16
What is the highest common factor of 15 and 5?
5
What is the highest common divisor of 4288 and 201?
67
Calculate the greatest common factor of 32 and 8.
8
Calculate the highest common divisor of 48 and 5364.
12
What is the highest common divisor of 259 and 3293?
37
Calculate the greatest common divisor of 1746 and 776.
194
What is the highest common divisor of 8 and 6056?
8
What is the highest common factor of 1 and 239?
1
What is the greatest common divisor of 319 and 121?
11
Calculate the greatest common divisor of 285 and 15.
15
What is the greatest common factor of 1058 and 138?
46
Calculate the greatest common factor of 13